-3
Evaluate 0 + (-13 + 18 - (1 - -4)).
0
What is 0 + -4 + -1 + -3 + 6?
-2
-16 + 21 + (-1 + 1 - 0)
5
Calculate 2 + (-13 - -10) - (2 - -2).
-5
Evaluate -9 + 1 + 23 + -23 - -2.
-6
What is (7 - -2) + -6 - (8 + -1)?
-4
Evaluate -2 - (4 + (1 - 1 - 6)).
0
(-4 - -8 - 6) + -2 - -10
6
What is (-3 - 1 - -6) + -1 - -3?
4
What is 4 + (-2 - -4 - (-1 + 10))?
-3
(1 - -3) + 10 + (-21 - -7)
0
Evaluate (-1 - -2) + -1 - (-26 + 30).
-4
Evaluate -1 + 0 - (-3 - (-3 + 4)).
3
(-1 - -5) + (17 - 21)
0
What is the value of -4 + 7 - (0 + 5 - -2)?
-4
Calculate (17 - 9) + (6 - 16).
-2
What is the value of (-2 - (6 - 19)) + -3?
8
Evaluate 5 + (-2 - -1 - -4 - 4).
4
What is the value of (14 - 7) + -8 + 2 + 1?
2
5 - (-5 - (10 + -16))
4
Evaluate 2 + (6 + -3 - 3).
2
Calculate -5 - (2 - (6 - 4)).
-5
What is -6 + 2 - (-5 + 6)?
-5
-6 + 8 + -13 + 12
1
Calculate (-10 - (-2 - -1)) + 2.
-7
(1 - 6) + 7 + (-3 - -3)
2
(5 - 1) + (17 - 13) + -7
1
What is -4 + 17 + -8 + -3?
2
Calculate -2 + (-8 - (-11 - -5)).
-4
-1 + -1 + 8 - 5
1
What is 1 - 2 - (-14 - -11)?
2
What is -6 + 2 + -3 - -5?
-2
What is the value of -9 + (4 + -1 - -1)?
-5
What is the value of -1 + 2 - (4 - (0 + 3))?
0
What is 13 - (2 - (-9 - -5))?
7
What is 0 - (4 + (3 - 0) + -5)?
-2
-6 + 10 + -4 + 0 + 0
0
Evaluate (-4 + 3 - (-2 - -1)) + 5.
5
Calculate 0 + (4 - 6) + 8.
6
What is the value of 0 - (1 + -2 - 3)?
4
What is the value of 78 + -88 + 2 + 3?
-5
Evaluate 0 - (7 + -11 + 9).
-5
What is (8 + 0 + -13 - 1) + 14?
8
What is -3 + (22 - 11) - (2 + 1)?
5
-3 + -1 - -8 - 10 - -3
-3
Evaluate (9 - 10) + (4 - 1).
2
Evaluate (-1 - 4) + 3 + 1 - -1.
0
What is (2 - 4) + (-11 - -3) + 13?
3
What is the value of -24 + 21 - (-2 + -3 + 4)?
-2
Evaluate 2 - 7 - (2 + -3) - -5.
1
Evaluate 13 + 6 + -26 + 0 + 15.
8
(0 - 6) + (30 - 19)
5
What is 7 - (2 - 5 - (-10 - -3))?
3
What is the value of -2 + 2 + 1 + -2 - 3?
-4
Calculate -1 - (-6 + (3 - 0)).
2
What is the value of -9 - (-12 - (8 - 9))?
2
Evaluate 7 + -3 + (1 - 4) + 4.
5
What is the value of 30 + -34 + 14 + (0 - 1)?
9
Evaluate 6 + -1 + -3 - 3.
-1
(10 - 6) + -8 - -10
6
What is (5 - -1) + (0 - (3 - 0))?
3
-2 - 2 - (3 + 0 + -9)
2
What is the value of 3 + (-5 - (-7 - -4))?
1
0 + (-4 - -1) - (-15 + 12)
0
What is the value of 11 + 0 + -4 + 2?
9
Evaluate 6 + -10 - -1 - -11.
8
What is -7 - -4 - (3 - 3)?
-3
Calculate (8 - 4) + -14 + 4.
-6
What is (0 - 3) + (-14 - -16)?
-1
-2 - 0 - 0 - 2
-4
What is 0 - (2 + (1 - (1 + 0)))?
-2
Calculate -11 + 8 + 4 + 5.
6
What is 0 - -2 - (-4 - (-5 + -3))?
-2
0 + 0 + 1 - (-6 + 7)
0
What is -6 + 2 - (-7 + (-11 - -7))?
7
Calculate 3 + (-21 + 21 - (0 + -1)).
4
Calculate (-11 - (5 - 11)) + 0.
-5
Evaluate (2 + 0 + -5 - -6) + 1.
4
Evaluate 4 + 0 + (-6 - -1).
-1
Calculate -4 + 3 + -2 + 4 - 1.
0
What is the value of (-3 - -3) + 1 + 4 + -2?
3
Evaluate (17 - 18) + (-1 - 3).
-5
Calculate (13 - 14) + (2 - -7) + -3.
5
What is the value of 9 + -12 - (-5 + (13 - 2))?
-9
What is the value of 2 + -5 + -2 - (0 - 1)?
-4
What is the value of (0 - (-1 + -5)) + -4 + -2?
0
Calculate 5 - (0 + -6 + -4 + 9).
6
Evaluate -2 - (2 + (-1 - 2) - 1).
0
Evaluate 2 + (-1 - 1) + 30 + -23.
7
Evaluate 0 + 0 + 17 + -19.
-2
What is -4 - 1 - (17 - 31)?
9
What is 2 + (3 - (4 + -1) - 2)?
0
Evaluate -7 - (-10 + 5 + 4).
-6
Calculate (-1 - (1 + 4 + -1)) + 0.
-5
Evaluate (-7 - -1) + (-6 - -11).
-1
Evaluate (7 - 5) + (2 - 1 - 6).
-3
Evaluate -8 - 3 - (-7 - 5).
1
What is the value of -9 - 2 - 1 - (81 + -85)?
-8
Evaluate (-3 - -7) + -4 - 3 - -1.
-2
-6 - -12 - 3 - (10 - 2)
-5
What is -13 + 4 + 5 + -5 + 4?
-5
Evaluate -10 - ((13 - 14) + -3 + 1).
-7
2 + 1 + 1 - (-42 + 44)
2
(0 - 5) + 16 + (-4 - 1)
6
Calculate 2 - 1 - (2 - (5 + 1)).
5
What is 1 + -4 + -1 + (4 - 2)?
-2
Calculate -8 - (-9 - 2 - -3).
0
What is the value of (5 - 3) + 0 + 0?
2
What is -3 - ((0 - -2) + -2 + 2)?
-5
What is the value of 0 - (1 - 4 - -2)?
1
Calculate (4 + -5 - (0 - 2)) + 7.
8
15 - 17 - (-15 + 5)
8
What is -1 + 6 + -1 + -7?
-3
Evaluate (33 + -36 - (0 + 0)) + -4.
-7
Calculate 1 + (-22 + 16 - (-4 - 1)).
0
-8 - (-3 + 2) - -5
-2
What is the value of -27 - -34 - (-1 + 4)?
4
Evaluate -3 + (0 - (4 + -7 - -1)).
-1
Evaluate (4 - 5) + (2 - 1) + -5.
-5
Calculate 4 - ((-1 - 3) + 6).
2
Evaluate (8 - 11) + (-2 - 0) + 2.
-3
What is 0 + (7 - -3) + -1?
9
What is 36 + -40 - (0 + -1 + 0)?
-3
What is (-4 - 5) + 4 + (3 - 2)?
-4
6 - (-4 + 1) - (5 + -1)
5
What is the value of (-2 - (-2 - 3)) + -4 + 0?
-1
What is -12 - (-14 + 5 + 0 + 5)?
-8
0 - 4 - (-7 - 9 - -5)
7
-1 + -6 + (-3 - 0)
-10
Calculate -4 + -1 - -4 - (1 + -7).
5
What is the value of (26 - 35) + 9 - (0 - -4)?
-4
-7 + 0 + 0 + 83 + -68
8
-5 + 6 + 11 - 6
6
-7 - ((-2 - -5) + 2 - 9)
-3
What is 1 - (3 + 2) - -8?
4
(0 - -11) + 4 + -8 + 0
7
What is the value of 1 + 2 + (-3 - -1) + 0?
1
Evaluate 2 + 0 + (-2 - 2).
-2
Evaluate (0 - -3) + 32 + -35 - 4.
-4
Evaluate 2 - (1 - 2 - 2).
5
1 + 3 + -6 + 0 + 4
2
Evaluate -3 - -2 - -9 - (-1 + 2).
7
Evaluate (5 - (1 + 0) - 1) + -5.
-2
Evaluate 1 - (11 + 5) - -10.
-5
Calculate -9 - -13 - (0 + 0).
4
What is the value of 5 - (-5 + (5 - -5))?
0
What is 4 + -5 - (-1 - (0 - -2))?
2
Evaluate -8 - (-4 - (10 - 3)).
3
What is (14 - 17) + 3 + -2 - -2?
0
Evaluate -19 + 15 + 5 - (0 + 1).
0
-16 + 19 - (-3 - -2)
4
Calculate -2 - (-2 + -4 + 2 + 2).
0
Evaluate (15 - 10 - 7) + 11.
9
Calculate -9 - (1 - (6 - 1)).
-5
7 + -22 + 6 - -1
-8
0 - (8 - 8) - (0 + 3)
-3
-2 + (-11 - -2) + (6 - 3)
-8
What is the value of 2 - ((-5 - -2) + 7) - 3?
-5
What is 6 - (8 + (2 - -2)) - 3?
-9
Calculate 13 + -18 + (-2 - (-5 - -2)).
-4
What is the value of 7 + (-6 - (2 - 6))?
5
Calculate -7 + 8 + (3 - 7).
-3
Evaluate -4 + (0 - (15 + -9)).
-10
Evaluate 0 + 8 - (-8 - -12).
4
Evaluate -3 - (-3 - (1 - -3)).
4
6 + -10 - (7 - 0)
-11
3 + (2 - (0 - -4)) - -4
5
What is -13 + 1 + 1 + (8 - 3)?
-6
What is the value of (3 - 3) + 4 + -6?
-2
Calculate 0 + 0 + (48 - 50).
-2
Evaluate (-1 - (0 - 3 - -7)) + 2.
-3
What is the value of (2 - -1 - 8) + 9?
4
6 + 1 + 7 + -20
-6
Calculate -9 + 11 + -5 + -4.
-7
(-141 - -143) + -2 + 0 + -3
-3
Evaluate -1 - -10 - (-84 + 93).
0
Calculate (2 - (-5 + -3 + 2)) + -3.
5
Evaluate 3 - (-1 - -1 - -6 - 7).
4
-2 - (0 + (-2 - (0 + 2)))
2
Evaluate 5 + 0 + -4 - -1.
2
What is -3 + 2 - -3 - (4 + -7)?
5
What is -3 + 2 + (4 - (2 - 2))?
3
Calculate 0 + (1 - (1 - -2)).
-2
Evaluate 16 - (5 + -1 + 4) - -1.
9
Calculate -5 + 4 + -3 + 7 + -2.
1
What is -7 + (17 - -1) + -10?
1
Evaluate (0 - (15 - 4)) + 8.
-3
4 + 0 + -18 + 20
6
Calculate -1 - 8 - (-15 - -8).
-2
((-4 - -4) + -1 - 4) + 7
2
What is the value of -3 + (-2 - -6) - 0?
1
What is the value of 2 - (0 + 7 + (47 - 52))?
0
Calculate -4 + -5 + (2 - -6).
-1
What is -7 + 3 + 14 + -13 + 8?
5
What is the value of (10 - 14) + 3 + 0?
-1
Evaluate (0 - 2 - -6) + 0 + -4.
0
0 - 6 - (-7 + 2)
-1
What is -6 - (3 + (-4 - -1))?
-6
Calculate 4 + -1 - (-9 - (-17 - -8)).
3
Calculate 14 - 15 - (-1 - (1 - 2)).
-1
What is -2 + (12 - 4) - 6?
0
-2 + 0 + 3 + (-3 - 1)
-3
Calculate 3 - 3 - (-6 + 6).
0
Calculate 1 + -4 + 0 - -5.
2
Calculate 0 - -5 - (13 + -9).
1
What is the value of 9 - (8 - 4) - 10?
-5
Evaluate -9 + 6 + -4 + 4.
-3
Evaluate 8 + (-6 + -4 - -5).
3
Calculate (-4 - 2) + (4 - 8) - -3.
-7
What is 0 + -10 + 6 + (6 - 0)?
2
Evaluate -3 - (1 + (-5 - -7)).
-6
5 - (10 - 4) - -3
2
What is the value of 5 - (0 - (-2 - 1))?
2
Calculate 4 - 1 - (5 + 0).
-2
Evaluate -2 - (4 + -6 - 3).
3
What is 8 + -2 + (13 - 11)?
8
What is the value of 8 + -13 + 3 - -4?
2
Evaluate (4 - (-5 - -11)) + (1 - 1).
-2
What is (1 - 5) + (-7 - -11)?
0
What is 0 + 1 - -4 - 3 - 4?
-2
-10 - -1 - -4 - -1
-4
What is 3 + -2 + 5 + -5?
1
Evaluate -3 - -6 - (-1 - -4).
0
Evaluate 6 - 12 - (-1 - (-3 + 5)).
-3
What is the value of 10 - (5 + (-5 - 0) + 8)?
2
Evaluate (3 - (-3 + (-3 - -3))) + -1.
5
Calculate -4 - (4 - (4 - 2)) - -6.
0
What is -4 + -16 + 9 + 7?
-4
What is (-5 - ((1 - 4) + 1)) + -2?
-5
153 + -149 + (-3 - 1) + -1
-1
What is the value of 1 + (4 - 2 - 4)?
-1
What is the value of 1 + 4 + -9 + 0?
-4
What is the value of 6 + 0 - (3 - -1 - 1)?
3
Evaluate (19 - 6 - 16) + (-4 - 0).
-7
What is the value of -10 - -13 - (0 - 0) - 3?
0
Evaluate 5 - (-9 + -1 + 10).
5
What is 8 - (7 - (-4 + 3))?
0
Calculate -3 + -4 + 0 + 27 + -21.
-1
What is -34 - -36 - (-2 - (2 - 3))?
3
Calculate 2 + (5 - 6) + -5 + 4.
0
Evaluate 2 - (-11 + -2 + 8).
7
What is (-2 + 